)/(-6). Suppose -5*v + b*g = -86 - 16, -4*g - 64 = -3*v. List the prime factors of v.
2, 5
Let k(j) = -j**2 + 13*j + 1. List the prime factors of k(3).
31
List the prime factors of (-5854)/(-10) - -2*1/(-5).
3, 5, 13
Let q = -17 + 38. Let r be 623/5 + q/(-35). Suppose -3*c + 35 = k, -r + 43 = -3*k - c. What are the prime factors of k?
2, 13
Let g = -38 + 36. What are the prime factors of (-1 - -6) + g + -1?
2
Let s(p) = -p**3 - 17*p**2 - 37*p - 13. List the prime factors of s(-15).
2, 23
Let h = 201 - 57. Suppose h = 20*a - 2*a. What are the prime factors of a?
2
Let i(k) = k**3 - k**2 - 3*k + 5. Let w be i(0). Suppose -75 = -2*c + g, -186 = -w*c - 0*c + g. List the prime factors of c.
37
Suppose 2*p - 2095 = -3*v, -2*p + 2796 = -5*v + 9*v. List the prime factors of v.
701
What are the prime factors of (22710/25)/((-27)/(-5) - 5)?
3, 757
Suppose 10*w = -3*u + 15*w + 9095, 5*w - 6030 = -2*u. List the prime factors of u.
5, 11
Let m(b) = -b**2 + 5*b + 2. Let d = 21 + -19. Suppose -d*x - x + 9 = -w, -4*x + 12 = 4*w. What are the prime factors of m(x)?
2
Let k(h) be the third derivative of 29*h**4/24 + 2*h**3/3 + 7*h**2 + 3. Suppose 10 = 5*f - 0. What are the prime factors of k(f)?
2, 31
Suppose -3*o = 5*a + 4, 4*a - 2*a = -4*o + 4. Suppose -w = 3, 0*n = -o*n - 2*w + 114. What are the prime factors of n?
2, 3, 5
Let u = -114 + 248. What are the prime factors of u?
2, 67
Suppose -31*q = -25*q - 4680. List the prime factors of q.
2, 3, 5, 13
Suppose 1 + 7 = -2*q. List the prime factors of ((-172)/10)/((q/10)/2).
2, 43
Let y be 21/(-3)*-1 - 4. Suppose -3*r - 2*j + 35 = y*j, 2*r + 6 = 4*j. Let f(o) = 9*o + 2. What are the prime factors of f(r)?
47
Let p(r) = -r**2 - 3*r + 2. Let c be p(1). Let s = c - -6. Suppose k = -3*l + 78, 2*k + s*l - 219 = -k. What are the prime factors of k?
3, 23
Suppose -71 = -5*c + 14. Suppose c = f - 100. What are the prime factors of f?
3, 13
Suppose 3*g + 5*t - 16 = t, 2*g = 4*t - 16. Suppose -4*d + 64 + 68 = g. What are the prime factors of d?
3, 11
Let q = 1094 + -686. List the prime factors of q.
2, 3, 17
Let c = 11 - 3. What are the prime factors of 66 - 5 - c/(-2)?
5, 13
Let s(r) = r**3 - 4*r**2 - r - 5. Let n be s(4). Let l = n - -12. Suppose -35 = -b - l*j, 0*b + 4*j + 21 = b. List the prime factors of b.
29
Suppose 0 = 4*f + o - 1940 + 413, 2*o - 6 = 0. List the prime factors of f.
3, 127
Let m = -628 - -2199. What are the prime factors of m?
1571
Let k(o) = -o**3 + 5*o**2 + 5*o - 3. Let w be k(6). Let u be (32 - -3)*w/(-5). Suppose u = 3*p - 45. What are the prime factors of p?
2, 3
Let s(f) = 244*f - 8. Let i be s(2). Suppose -5*z + 5*r = -i, -5*z + 5*r + 282 = -2*z. What are the prime factors of z?
3, 11
What are the prime factors of ((-30)/(-9) - 3)/((-8)/(-19512))?
3, 271
Let z(x) = -x**2 + 542. What are the prime factors of z(0)?
2, 271
Let a be (-1 - -1)/(2/2). Let w(m) = -m**3 + 3*m**2 + 4*m - 6. Let v be w(3). Let u = v - a. What are the prime factors of u?
2, 3
Suppose -4*k + 3*i = -9810, -k = k + 5*i - 4918. List the prime factors of k.
2, 3, 409
Let y(x) = 71*x**2 + x + 1. Let b(p) = 70*p**2 + p + 1. Let a(f) = 5*b(f) - 4*y(f). List the prime factors of a(1).
2, 17
Let i be 3/(-18) + (-1972)/(-24) + 0. Let c(l) = -5*l**2 - 2*l + 4. Let t be c(3). Let z = i + t. What are the prime factors of z?
5, 7
Suppose 0 = -2*h + 2*s + 10, -3*h + 7*s = 2*s - 19. Suppose h*x = 14*x - 957. What are the prime factors of x?
3, 29
Let z(x) = x**2 - 12*x + 58. What are the prime factors of z(-25)?
983
Let k = 23 + 123. Suppose 0 = 5*c - 144 - k. What are the prime factors of c?
2, 29
Let y(m) = m**2 + 8*m + 43. Let k(i) = -12*i**2 + 2*i + 1. Let l be k(-1). List the prime factors of y(l).
2, 3
Let n = 6 - 0. Suppose 0 = -i + 4*i - n. What are the prime factors of (-6)/i - 108/(-9)?
3
Suppose -2*x + 4*g = 4, 5*x - 3*g = -4*g - 21. List the prime factors of x*(-2)/12 - (-214)/3.
2, 3
Suppose 38*k = 49*k - 2728. List the prime factors of k.
2, 31
Let u(m) = -9*m - 18. Let p be u(-9). Let o = 28 + p. Suppose 0 = -5*d - 2*d + o. What are the prime factors of d?
13
Let i = 16 - 13. Suppose 17 = i*p - 1. Let m = 43 + p. List the prime factors of m.
7
Let t(x) = x**3 - x**2 - x + 2. Let q be t(2). List the prime factors of 184 + (2 + 0 - -2)/q.
5, 37
Let g be (-42)/(-4)*(-5 - (-68)/12). Suppose g*m - 564 = m. List the prime factors of m.
2, 47
Let y be 35*(-1 - 8/(-4)). Suppose -5*v + 40 = -5*j, 2*v + 2*v - 5*j = y. Suppose v*n = -z, 0 = -4*n + 7 - 23. What are the prime factors of z?
2, 5
Let n = 252 - 467. Let z = -53 - n. What are the prime factors of z?
2, 3
Let f(o) = -o**3 + 4*o**2 + 4*o + 5. Let u be f(6). Let v = u + 67. Suppose 0 = 2*a + 2*a - v. List the prime factors of a.
2, 3
Suppose 0 = 249*h - 255*h + 774. List the prime factors of h.
3, 43
Let o(d) = -3 + 2*d - 1 + d - 5*d. Let m be o(-7). Suppose -m*l + 6*l = -164. What are the prime factors of l?
41
Let n(w) = 17*w - 11. Let u(h) = 6*h - 4. Let f(r) = -3*n(r) + 8*u(r). Let m be f(3). List the prime factors of (m/(-4))/2 + 30.
31
Suppose 0 = 2*l + 32. Let z(m) = -6*m - 14. Let y be z(l). Suppose i = -i + y. What are the prime factors of i?
41
Suppose -4*x = -2*y + 372, -8*y + 954 = -3*y - 4*x. List the prime factors of y/(-5)*5/(-2).
97
List the prime factors of 8/(-52) - (-127416)/104.
5, 7
Let j be -1 + -2 + -11 + 58. Suppose -p + 10 = -j. List the prime factors of p.
2, 3
Suppose -3*o - 3*t + 6 = 0, -3*o - 2 = -4*o + t. Suppose -w = m + 45, -m + o*w = 4*m + 246. Let j = -4 - m. List the prime factors of j.
2, 11
Let x be (598/3 - -2)*21/14. Suppose 4*p = 2*p + x. List the prime factors of p.
151
Suppose -4*w - 64 = -3*l, 2*w + 3*w + l = -80. Let t = w + 7. Let b = t - -13. List the prime factors of b.
2
List the prime factors of 22891/55 + 1/(-5).
2, 13
Let c = 23 + -21. Let x be -44*(-3 + 3 - c). Suppose 0 = -3*w + 65 + x. List the prime factors of w.
3, 17
Let j(p) = -p - 2. Let f be j(-5). Let b be 190/f + (-4)/12. Let s = b + -42. What are the prime factors of s?
3, 7
Suppose 0 = 2*w - 4*m + 5 - 21, 0 = 5*w - 5*m - 25. Suppose -4*h + 4*k - 224 = 0, w*h = -0*h + k - 111. Let i = -35 - h. What are the prime factors of i?
2, 5
Let d = -33 + 78. Let g = -13 + d. What are the prime factors of g?
2
What are the prime factors of ((-3)/(-1)*-3)/((-24)/4728)?
3, 197
Suppose 4*l - 5*l - 3 = 0. List the prime factors of 10*(l - (-42)/4).
3, 5
What are the prime factors of 482202/693 - 2/(-11)?
2, 3, 29
Suppose 0 = 42*c - 20554 - 44000. List the prime factors of c.
29, 53
List the prime factors of 0 + ((-3982)/4)/(26/(-52)).
11, 181
Let l(v) = 2*v**2 - 5*v - 6. Let k(i) = -3*i**2 + 2*i - 2. Let z be k(1). Let n be l(z). Suppose 4*q + n = 111. List the prime factors of q.
3, 7
Let y = -1742 - -2557. List the prime factors of y.
5, 163
Let c be 10*(108/(-15) + 0). Suppose 0 = -3*o - 35 - 55. Let d = o - c. List the prime factors of d.
2, 3, 7
Let j = 15 + -13. Let k(g) = j*g**2 - 3 + 0*g - 4*g**2 - 12*g + g**2. List the prime factors of k(-9).
2, 3
Suppose 0 = -11*m + 12*m. What are the prime factors of (1 - 8*8)/(-1 - m)?
3, 7
Let u(d) = -d**3 + 12*d**2 + 13*d - 5. What are the prime factors of u(10)?
5, 13
Suppose -5*z + 2012 + 508 = 4*j, 3*j + 1485 = 3*z. List the prime factors of z.
2, 5
Let y be 4605/(-35) + 3/(-7). Let j be (y/(-8))/3*-6. List the prime factors of (-176)/j*(-3)/(-2).
2
Let n(s) = 2*s**2 - 12*s + 7. Let h be n(7). Let r = h + -1. List the prime factors of r.
2, 5
Let h(f) = -2*f**3 + 149*f**2 - 154*f - 85. List the prime factors of h(73).
2, 5, 233
Let v = 456 + -82. What are the prime factors of v?
2, 11, 17
Suppose 4*l = 220 - 72. Let z(s) = s**2 + 10*s - 1. Let t be z(-11). Suppose -l = -x - t. What are the prime factors of x?
3
Let l(g) = -g**3 + 3*g**2 + g + 2. Let i be l(3). Let j(k) = 28*k - 2. What are the prime factors of j(i)?
2, 3, 23
Let y be (4 + (-5 - -1))/3. Suppose y = -4*g - 0*g + 3*r - 44, g - 3*r + 11 = 0. What are the prime factors of ((-4)/(-6))/(g/(-990))?
2, 3, 5
Let j = 3438 - 2105. List the prime factors of j.
31, 43
Let k = 1582 - 225. List the prime factors of k.
23, 59
Let j be 6/((0 + -1)/1). Let y = -303 - -306. What are the prime factors of (-292)/j + (-2)/y?
2, 3
Let m = -96 - -140. What are the prime factors o